emainder when p(0) is divided by d?
15
Let m = 48 - 18. Suppose -5*r + m = -100. Let n(a) = a**2 - a - 3. What is the remainder when r is divided by n(-3)?
8
Let o be -3*4/(-6)*17. Suppose 3*y = y + o. Suppose 3*q - 16 = y. Calculate the remainder when q is divided by 6.
5
Calculate the remainder when 17 is divided by 4 + (4 - 7) - -10.
6
Calculate the remainder when -3 + -1 - (-57 - -17) is divided by 10.
6
Suppose -2*k - 5*l = -39, 0*k - 19 = -2*k - l. Let z = -37 + 63. Calculate the remainder when z is divided by k.
5
Let l(n) = 10*n - 24. What is the remainder when l(5) is divided by 17?
9
Let q = 1006 + -1476. Let u be (q/(-30))/(1/6). Suppose 31 = 5*g - u. What is the remainder when g is divided by 9?
7
Let o = -7 - -11. Let c(f) be the first derivative of -f**3/3 + 4*f**2 - 3. What is the remainder when c(7) is divided by o?
3
Let d = -11 - -21. Calculate the remainder when d is divided by 2.
0
Let n(c) = -12*c**2 - 3*c. Let o be n(-2). Let t = 1 + -4. What is the remainder when 0 + 1 - (o - t) is divided by 21?
19
What is the remainder when 83 is divided by ((-126)/(-3))/(-5 + 6)?
41
Let d be 0 + (0 - 1)*1. Let r = 1 - d. Suppose -r*l = -4, -j + 38 = j - l. What is the remainder when 58 is divided by j?
18
Let o be -2 - ((-10)/2 - -1). Suppose -o*t - t = 0. Suppose t = 4*w + 12 - 72. Calculate the remainder when 28 is divided by w.
13
Calculate the remainder when 20 is divided by 0/8 - (-1 + -10).
9
Suppose 0 = 5*d, 4*q = -4*d - d + 4. Let o(y) = -1 + 3 + 14*y - 6 + 3. What is the remainder when 37 is divided by o(q)?
11
Let u(l) = -l**3 - 7*l**2 + l + 14. Calculate the remainder when 73 is divided by u(-7).
3
Let y = 35 - 23. Suppose -5*j = -18 - y. Let o(v) = v. Calculate the remainder when j is divided by o(4).
2
Let f = -4 + 4. Suppose f = -5*s + 118 - 3. What is the remainder when 44 is divided by s?
21
Let r = 90 - 75. What is the remainder when 118 is divided by r?
13
Let h(q) = -q**3 + 4*q**2 + 8*q - 7. Let j be h(5). Suppose -a + 52 = j. What is the remainder when a is divided by 15?
14
Let n(x) = -x**3 + 4*x**2 + 3*x - 4. Let l be n(4). Let y = l + -7. What is the remainder when 2 is divided by y?
0
Suppose 5*u - 46 = 44. Let o(x) = -13*x - 8. Calculate the remainder when o(-6) is divided by u.
16
Suppose 3*o = -0*o. Suppose o*l = l - 43. Calculate the remainder when l is divided by 15.
13
Let i = 3 + -5. Calculate the remainder when 55 is divided by (21/(-2) - -1)*i.
17
Suppose 6*n - 400 = 2*n. Let a = n - 52. Let m = a - 23. What is the remainder when m is divided by 13?
12
Let h = 3 + 1. Suppose t = -h*t + 165. Calculate the remainder when t is divided by 7.
5
Let y(b) = 2*b - 12. Let w be y(7). Suppose 0*h - h - 3*v - 10 = 0, 5*v - 30 = 5*h. Calculate the remainder when 0 - (1 + h*w) is divided by 7.
6
Let r(f) = -f**3 - 6*f**2 + f + 9. Let w be r(-7). Let a = 90 - w. Calculate the remainder when a is divided by 14.
11
Let j(k) = k**2 + 12*k + 7. Let l(x) = x + 1. Let u(g) = j(g) - 2*l(g). Let d be u(-9). Calculate the remainder when 20 is divided by (4/d)/((-2)/22).
9
Let x(g) = g**3 + g**2 + 4. Suppose 0*s = 3*s. Suppose -12 = -5*d - y, 28 = 5*d - 5*y - 2. Calculate the remainder when x(s) is divided by d.
1
Suppose -4*y = -3*k + y + 30, -k + 20 = -5*y. Let v = -30 - -42. Suppose 0*j - v = -4*j. What is the remainder when k is divided by j?
2
Let d(z) = -14*z - 10*z + 8 + 0*z. Let q be d(6). Calculate the remainder when 6/21 + q/(-14) is divided by 4.
2
Let f = -9 - -32. Let g = 36 - f. Let v = 52 - 28. Calculate the remainder when v is divided by g.
11
Let o(n) be the first derivative of n**4/4 - 2*n**3 + n**2/2 - 7*n + 3. Let v be o(5). Calculate the remainder when 34 is divided by (-12)/(-9)*v/(-2).
16
Suppose 2*j = 31 + 19. What is the remainder when j is divided by 5/(60/21)*8?
11
Let v be 18/15*(-5)/(-2). Suppose 15 = 3*s, -v*s - 40 = -9*j + 4*j. Let a = 15 - -5. Calculate the remainder when a is divided by j.
9
Let q = -24 + 36. Let w = -44 + 26. Calculate the remainder when (-21)/2*60/w is divided by q.
11
Suppose 5*k - 3*t - 2*t = -35, 0 = k - 2*t + 10. Let s = 8 + k. Let r = s - -8. Calculate the remainder when 34 is divided by r.
10
Suppose -2*q - 5*s = -36 - 5, 5*q - 30 = 2*s. What is the remainder when (30 + q)*(-6)/(-4) is divided by 20?
17
Let u(o) = o + 1. Suppose -2*v = -2*h + 28, 0 = -5*h - 0*h - 4*v + 25. Calculate the remainder when h is divided by u(5).
3
Suppose -2*n = 15*n - 153. Calculate the remainder when 26 is divided by n.
8
Suppose 9 = -2*g + 25. Let v = -86 + 108. Calculate the remainder when v is divided by g.
6
Suppose 0 = -3*a + 8*a - 340. What is the remainder when a is divided by 10?
8
Suppose 120 = 6*u - u. Calculate the remainder when 45 is divided by u.
21
Suppose 0*b + 2*b - 8 = 0. Suppose -5*n = -u + 91, b*u + 1 = -n - 13. Let p = n + 30. What is the remainder when 35 is divided by p?
11
Suppose 0 = 3*v - f - 18, -3*v + 7 = -3*f - 17. Suppose -v*r - 14 = 2*m, -2*r - r - 14 = 4*m. Calculate the remainder when 8/(3/(-30)*m) is divided by 14.
12
Let d be (4/(-8))/(1/(-698)). Suppose -2*m = -i - 142, -2*m + 4*i = 3*m - d. Calculate the remainder when m is divided by 19.
16
Suppose -3*g = -n - 0*g + 16, -2*g - 18 = -n. Calculate the remainder when 85 is divided by n.
19
Let u be 23*2 + 2 - -2. Suppose -y - 3*l + u = 6, 139 = 3*y + 2*l. Calculate the remainder when y is divided by 16.
15
What is the remainder when (-457)/(-13) - (-32)/(-208) is divided by 15?
5
Suppose p = 8 - 0. Let d(s) = s**3 - 3*s**2 + 5*s - 6. Let h be d(4). Suppose -h = 4*m - 122. Calculate the remainder when m is divided by p.
7
Let i(d) be the first derivative of 2*d**3/3 - 3*d**2 + 2*d + 6. What is the remainder when 19 is divided by i(4)?
9
Let s(y) = -y - 1. Let x be s(-3). Suppose -7 = x*t - 3*t. Suppose -4*m = -82 + 30. What is the remainder when m is divided by t?
6
Let r be (-2)/(-3) - 4/(-3). Let s = r + 2. Let n = 34 - 24. Calculate the remainder when n is divided by s.
2
Calculate the remainder when 12 is divided by 8/2 + 4 - 3.
2
Let d = 60 - 29. Let o = 58 + -42. Calculate the remainder when d is divided by o.
15
Suppose 5*j - 201 = -26. What is the remainder when j is divided by 12?
11
Let p = -31 - -41. What is the remainder when 38 is divided by p?
8
Let g(j) = -j**3 - j**2 + j + 1. What is the remainder when g(-2) is divided by 3 - (2 + -1)/1?
1
Let z = 147 + -76. Calculate the remainder when z is divided by 24.
23
Let s = -18 + 35. Let g(l) = -l**3 - 4*l**2 + 8*l + 9. What is the remainder when g(-6) is divided by s?
16
Suppose t = 5*i - 20, -3*t = -5*i + 8 + 12. Suppose -4*c + c + 168 = t. Calculate the remainder when c is divided by 29.
27
Suppose 7 = -3*m - 17. Suppose 5*c - 23 = 2*j, -2*c + c = -5. What is the remainder when (2/8)/((-2)/m) is divided by j?
0
Let b(s) = 18*s. Let j(t) = 5*t - 1. Let i(p) = -14*p + 2. Let d(v) = -6*i(v) - 17*j(v). Let y be d(4). Calculate the remainder when b(y) is divided by 10.
8
Let x be (-1)/1*2*-1. Suppose 0 = -x*b + 4*b - 56. What is the remainder when b is divided by 15?
13
Suppose 3*y - 15 - 27 = 0. What is the remainder when y is divided by 4?
2
Let p(g) = 7*g**2 - 2*g - 1. Suppose 42 = 4*d - 5*k - 14, -3*d = 2*k - 65. Calculate the remainder when p(3) is divided by d.
18
Suppose -18*o = -21*o + 15. Suppose -3*c + c + 18 = 0. Calculate the remainder when c is divided by o.
4
Let z = 58 - 43. What is the remainder when 44 is divided by z?
14
Let x(j) = -j**2 + 9*j - 4. Let b(c) = 8*c**3 - 2*c**2 + c. Let n be b(1). Let q = 13 - n. Calculate the remainder when q is divided by x(8).
2
Let c = -113 + 195. Let d(x) = 2*x**2 - 6*x + 1. Calculate the remainder when c is divided by d(5).
19
Suppose 3*d + 105 = b, -593 = -5*b - 0*d - 2*d. Calculate the remainder when b is divided by 17.
15
Suppose -2*t + 2 = 4. Calculate the remainder when 29 is divided by (t/1)/(1/(-10)).
9
Let q(h) = -h**2 + 12*h - 6. Let f be 5/((-3)/45*-3). Suppose -8*a + f = -3*a. Calculate the remainder when q(a) is divided by 10.
9
Let w(y) = -y + 7. Let o = -83 - -144. What is the remainder when o is divided by w(-9)?
13
Suppose o - 7 = 4. Calculate the remainder when o is divided by 7.
4
Suppose 9*z - 4*z - 30 = 0. Let c(w) = 4*w**2 + 5*w + 4. Let g be c(z). What is the remainder